- 171*q - 55500. List the prime factors of d.
13, 1423
Suppose 19*x + 50 = 202. Suppose x*f = 15*f - 5124. What are the prime factors of f?
2, 3, 61
Suppose 0 = -2*b + 100 - 96, -3*b = 5*f - 111. List the prime factors of 27/189 - (-12471)/f.
2, 3, 11
Let q = 41 + -26. Let b be ((-10)/q)/(2/(-12)). List the prime factors of (2/b - (-21)/(-2))/(-1).
2, 5
Let x = 17 + -63. Let k = 46 + x. List the prime factors of (k + (-4)/(-6))/((-7)/(-147)).
2, 7
Let f(i) = -i + 147 + 2*i**2 - i**2 - 2*i**2 - i**3. Let a be 0/((-11)/((-11)/2)). What are the prime factors of f(a)?
3, 7
Suppose 6*h - 2*h + 4*d - 52792 = 0, -5*h + 65987 = 4*d. What are the prime factors of h?
5, 7, 13, 29
Let f = 26575 + -18372. List the prime factors of f.
13, 631
List the prime factors of (-52)/91 - (-994629)/(4 + 104/16).
2, 47363
Suppose 107478 = 26*r - 24*r - y, -3*r - 4*y + 161239 = 0. List the prime factors of r.
61, 881
Suppose -75*k + 69*k = -18. Suppose n = 4*n - 2*y - 1825, k*n - 1830 = 3*y. List the prime factors of n.
5, 11
Let a(h) = h**2 + h - 7. Let z be a(3). Suppose 2*m + 5*j = 362, -768 = -4*m - z*j - 54. List the prime factors of m.
2, 11
Suppose -2374*h + 2367*h = -88298. List the prime factors of h.
2, 7, 17, 53
Suppose -7186*z + 7196*z = 29110. List the prime factors of z.
41, 71
Let x = 25 - 17. List the prime factors of x/(-10)*25050/(-60).
2, 167
Let q = 58 + -50. Suppose -z + 320 = -q. What are the prime factors of z?
2, 41
Suppose 2*c = 6*l - 22080, 36*l - 41*l = -c - 18404. What are the prime factors of l?
2, 7, 263
Let r(p) be the second derivative of -31*p**5/20 - p**4/12 + 5*p**3/6 + 5*p**2/2 - 72*p. List the prime factors of r(-1).
2, 3, 5
Suppose 49 + 125 = 6*t. Suppose 7*j = 181 + t. Suppose 0 = j*c - 35*c + 185. What are the prime factors of c?
37
Let s = 71 - 93. Let d(i) = -i**3 - 23*i**2 - 29*i - 11. What are the prime factors of d(s)?
11, 13
Let v(x) = -x**2 + 140*x - 86. What are the prime factors of v(31)?
37, 89
Let y = 14657 - -1614. What are the prime factors of y?
53, 307
Let m = -22 + 28. Suppose 2*p + q = m*q + 68, -q + 158 = 4*p. Suppose -44*f + 465 = -p*f. What are the prime factors of f?
3, 31
Suppose -2*x + 38 = c, 8*c = 5*c - 3*x + 114. Let u(n) = -n**2 + 55*n - 66. List the prime factors of u(c).
2, 5, 29
Let t = 55091 + -35756. List the prime factors of t.
3, 5, 1289
Let o(n) = 19*n**2 + n + 102. Let z be o(-12). Suppose -214*i + 212*i = -z. What are the prime factors of i?
3, 157
Let p(v) = -v**2 - 13*v - 26. Let s be p(-11). Let z(f) = -5*f**3 - f**2 + 5*f + 1. What are the prime factors of z(s)?
3, 5, 19
Let a(l) = 34*l + 6018. What are the prime factors of a(11)?
2, 17, 47
Suppose 8*j - 10422 = -214. Suppose 28*p + j = n + 31*p, 1268 = n + 5*p. What are the prime factors of n?
2, 7, 23
Suppose 0 = -31*o + 16*o + 79980. List the prime factors of o.
2, 31, 43
Let r be (24 + -28 - (-4 + 1))*-7. Suppose -r*o + 288 = -559. List the prime factors of o.
11
Suppose o = 8 - 17. Let d be (o/6)/(18/(-168)). Suppose 5 = -j + 5*n + d, 0 = -j - 2*n + 23. List the prime factors of j.
19
Suppose 0 = 4*m + 17*m - 315. Suppose -m*a + 20*a = 1210. What are the prime factors of a?
2, 11
Suppose 82*b - 24578 = 79*b + 2*c, 2*c + 16386 = 2*b. What are the prime factors of b?
2
Suppose -3*j - 9 = -18. Suppose 6*o - 4*o - 924 = n, 4*o + j*n = 1828. What are the prime factors of o?
2, 5, 23
Suppose 7718*a = 7757*a - 533793. List the prime factors of a.
13687
Let q(a) = -2*a**3 - 5*a**2 - 4*a. Let w(l) = -l**2 - 5*l + 9. Let o be w(-6). Suppose -4*t + o*t = 3. What are the prime factors of q(t)?
3, 7
Let r = -246 - -512. Suppose -11*o + 163 = -r. List the prime factors of o.
3, 13
Suppose 4*a - 11*a = -693. Let o be (-1 + 3 - -3) + a. Let n = o + 89. List the prime factors of n.
193
Let i(u) = -16*u - 30. Let x(t) = -3*t - 6. Let v(h) = 4*i(h) - 22*x(h). Let c be v(-8). List the prime factors of 3/(-15)*c - (-993)/15.
67
Let d(j) = -187*j**3 + 6*j**2 + 74*j + 232. List the prime factors of d(-3).
5113
Let u(o) = -o**3 + 2*o**2 + 4*o - 2. Let x be u(3). Let t(f) = -8*f - x + 3*f + 2*f. What are the prime factors of t(-2)?
5
Let d(m) = -9 - 15*m + 7 + 6*m**2 + 33 - 26*m + 2*m**2. What are the prime factors of d(18)?
5, 13, 29
Let t(k) = -10*k**3 + 20*k**2 + 18*k - 5. List the prime factors of t(-5).
5, 331
Suppose -2*n - 4 = 0, -14 = -2*h + n + 4*n. Suppose 67 = 3*s + 2*w - 835, -h*w - 290 = -s. What are the prime factors of s?
2, 149
Let c = 47 + -40. Let p be c - (-6 + 4 - -3). List the prime factors of ((-289)/51)/((-1)/p).
2, 17
Let q(o) = 14 - 3 - 24*o + 25*o. Let r be q(9). What are the prime factors of (132/30)/(1/r)?
2, 11
Let n(a) = a**2 + 3. Let z(f) = f - 6. Let w be z(6). Let v be n(w). Suppose 297 = 4*r + v*p, 5*r = 3*r - 3*p + 141. List the prime factors of r.
2, 3, 13
Let c(r) = -r**3 - 13*r**2 + 29*r - 15. Let o be c(-15). Suppose -8 = -2*l - o. List the prime factors of 134/((-32)/12*(-3)/l).
67
Let i = -479 + 483. Suppose i*m + 2*p - 2010 = 0, -4*p - 313 = -2*m + 667. What are the prime factors of m?
2, 5
What are the prime factors of 23/(230/18)*(-44270)/(-3)?
2, 3, 19, 233
Let d = -1690 - -2073. What are the prime factors of d?
383
Suppose 6 = -28*m + 30*m. Suppose 4*n - 3*v - 42 = n, 2*v + 47 = m*n. Let w(l) = 3*l + 17. List the prime factors of w(n).
2, 37
Let i be 7/((-140)/128) + 6/(-10). Let u be 2*(0 - 2 - i). List the prime factors of (-708)/30*u/(-4).
59
Let g be -3 + (4/2 - -1). Suppose g = 4*j - 20, -3*y - 5*j = -0*j - 43. Let r(q) = 5*q**2 - 13*q - 2. What are the prime factors of r(y)?
2, 5
Suppose 2*l = -3*d + 20006, 5*l - 5*d = -0*l + 49990. What are the prime factors of l?
2, 5
Suppose -4*h - 3*d - 16 = -0*h, 5*h + 20 = -2*d. Let t(m) = -5*m**3 - 3*m**2 + m + 17. What are the prime factors of t(h)?
3, 5, 19
Let v(o) = -6*o + 105. Let w be v(17). Suppose -7*i + 5*b + 114 = -5*i, 4*b = w*i - 157. List the prime factors of i.
47
Let p = -8752 - -19110. Suppose p = 5*c + 3*y + y, -2*c = y - 4145. List the prime factors of c.
2, 17, 61
Let r(z) = -4*z + 27. Let q(a) = -5*a + 26. Let x(h) = -3*q(h) + 2*r(h). Let k be x(4). What are the prime factors of 6 + 1900/12 + k/6?
3, 5, 11
Suppose -5*o + 5*z = -13195, 16*z + 7917 = 3*o + 18*z. Let d = 8 - 10. List the prime factors of 2/9 - o/63*d.
2, 3, 7
Suppose -5 = -4*x + 3*c + 26, -4*x + 11 = c. Suppose 5*u = -3*k + 234, x*k + 3*u = 165 + 136. List the prime factors of k.
73
Let u = 121 + -116. Let t = -5 + 7. Suppose -2*f - t*c = c - 219, u*f - c - 590 = 0. What are the prime factors of f?
3, 13
Suppose -3*p + 37238 = 4*w - 8007, p - 15091 = w. What are the prime factors of p?
3, 47, 107
Let f(k) = -k**3 + 21*k**2 - k - 4. Let l be f(14). Suppose -6*q = -l + 106. List the prime factors of q.
2, 13
Let x = -9741 - -18511. List the prime factors of x.
2, 5, 877
Suppose 0 = 3*j - 3*x - 3, 0*j - j - 15 = -5*x. Suppose -o - j*o = 0. Suppose o*k = 3*k - 150. List the prime factors of k.
2, 5
Let d(i) = 2*i**3 + 13 - i - 4*i**3 - 17 - i**2 + 2*i. Let o be d(-2). Suppose -m - y = -o*y - 286, -3*y + 1029 = 4*m. What are the prime factors of m?
3, 29
Suppose 61*k - 3097427 = -31*k + 407405. What are the prime factors of k?
2, 2381
Let m(r) = -r**2 - 3*r + 3. Let b be m(-4). Let a be (-36)/5*((-37)/3 + b). Let x = a - 17. What are the prime factors of x?
79
Suppose -6584 = 6*y - 143234. List the prime factors of y.
5, 911
What are the prime factors of 1*4194*((-12)/8 - -2)?
3, 233
Let h(r) = 28*r**2 + 150*r - 236. What are the prime factors of h(33)?
2, 29, 607
Suppose 3*d = 5*x + 1101 + 808, -4*d + 5*x = -2547. Suppose h + 158 = l, -2*l = 2*l + 2*h - d. Let j = l + -83. List the prime factors of j.
2, 19
Let j(u) = 1132*u - 325. List the prime factors of j(7).
3, 17, 149
Suppose -572637 = -49*y + 595530 + 115878. List the prime factors of y.
3, 5, 1747
Suppose -3*i = -2*h + 5885, 4*h - 3*i + 5*i = 11810. Suppose 0 = -8*s + 3*s + h. Suppose 0*q - s = -5*q. List the prime factors of q.
2, 59
Let g be (-3 - -2)*(-14 + 0 + -1). List the prime factors of 1641/g - 12/30.
109
Let j(d) be the second derivative of d**4/3 + 14*d**3/3 - 5*d**2/2 - d. Let h(n) = -n**2 - 19*n - 13. Let y be h(0). What are the prime factors of j(y)?
307
Let p(f) = 62*f**2 - 69*f - 866. List the prime factors o